t the prime factors of 45111198.
2, 3, 11, 683503
List the prime factors of 129303974.
2, 37, 1249, 1399
What are the prime factors of 395292149?
7, 56470307
List the prime factors of 622844197.
622844197
What are the prime factors of 2241085839?
3, 747028613
What are the prime factors of 1058998710?
2, 3, 5, 7, 11, 113, 4057
List the prime factors of 56787884.
2, 19, 349, 2141
List the prime factors of 342843234.
2, 3, 57140539
List the prime factors of 3075258463.
1931, 1592573
List the prime factors of 3832274.
2, 131, 14627
What are the prime factors of 266731345?
5, 23, 47, 61, 809
List the prime factors of 694024375.
5, 11, 29, 59
List the prime factors of 11379811.
11379811
What are the prime factors of 1292825897?
11, 233, 509, 991
What are the prime factors of 4561287055?
5, 13, 947, 74101
What are the prime factors of 3720995300?
2, 5, 11, 1483, 2281
List the prime factors of 3261988887.
3, 22709, 47881
What are the prime factors of 2562780579?
3, 854260193
List the prime factors of 299581995.
3, 5, 47, 424939
What are the prime factors of 210396746?
2, 7, 1297, 11587
What are the prime factors of 12677742?
2, 3, 7, 11, 3049
What are the prime factors of 76291489?
29, 2630741
What are the prime factors of 1360654472?
2, 9781, 17389
What are the prime factors of 34174188?
2, 3, 53, 17911
List the prime factors of 404544859.
79, 113, 45317
What are the prime factors of 191494194?
2, 3, 53, 281, 2143
List the prime factors of 927483571.
7, 47, 2819099
List the prime factors of 300600441.
3, 827, 40387
What are the prime factors of 618177750?
2, 3, 5, 227, 3631
What are the prime factors of 2277521444?
2, 11, 2341, 22111
List the prime factors of 20030967.
3, 11, 29, 6977
List the prime factors of 26598567.
3, 8866189
What are the prime factors of 235641321?
3, 907, 28867
List the prime factors of 321018552.
2, 3, 165133
What are the prime factors of 181057185?
3, 5, 4023493
What are the prime factors of 450884290?
2, 5, 127, 355027
List the prime factors of 798039194.
2, 17, 23471741
What are the prime factors of 393954420?
2, 3, 5, 6565907
List the prime factors of 5872776867.
3, 23633, 27611
What are the prime factors of 1718541464?
2, 47, 4570589
List the prime factors of 528684730.
2, 5, 7, 239, 31601
List the prime factors of 201858368.
2, 3154037
List the prime factors of 2488749881.
2488749881
What are the prime factors of 530788207?
530788207
List the prime factors of 202180565.
5, 40436113
What are the prime factors of 785565481?
25621, 30661
What are the prime factors of 762228532?
2, 13, 1127557
What are the prime factors of 12894346?
2, 6447173
List the prime factors of 2920292879.
7, 3889, 107273
List the prime factors of 198056378.
2, 13, 7617553
What are the prime factors of 405470753?
37, 10958669
What are the prime factors of 822977439?
3, 139, 1973567
What are the prime factors of 1060065011?
1060065011
List the prime factors of 8342342634.
2, 3, 1390390439
What are the prime factors of 480927300?
2, 3, 5, 7, 29, 53, 149
List the prime factors of 44234270.
2, 5, 4423427
List the prime factors of 28912326.
2, 3, 4818721
List the prime factors of 286538992.
2, 17908687
List the prime factors of 1107442270.
2, 5, 11, 10067657
What are the prime factors of 52927141?
19, 2785639
List the prime factors of 1688198071.
7, 241171153
What are the prime factors of 5711562512?
2, 31, 2003, 5749
List the prime factors of 134125738.
2, 1709, 39241
What are the prime factors of 171007858?
2, 7, 37, 330131
List the prime factors of 466566640.
2, 5, 2297, 2539
List the prime factors of 71410134.
2, 3, 11901689
What are the prime factors of 719795877?
3, 41, 43, 136093
What are the prime factors of 55006494?
2, 3, 37, 127, 1951
List the prime factors of 339296551.
11, 59, 8861
List the prime factors of 6115140457.
6115140457
List the prime factors of 61680523.
41, 919, 1637
What are the prime factors of 66576006?
2, 3, 7, 8387
What are the prime factors of 290988552?
2, 3, 29, 418087
List the prime factors of 129273844.
2, 7, 31, 148933
List the prime factors of 703886602.
2, 3709, 94889
What are the prime factors of 84712209?
3, 28237403
What are the prime factors of 555264203?
13, 43, 109, 701
What are the prime factors of 417522298?
2, 199, 1049051
List the prime factors of 2229796083.
3, 37, 20088253
List the prime factors of 11682221.
11682221
What are the prime factors of 23150484?
2, 3, 7, 91867
List the prime factors of 31391059.
7, 19, 37, 6379
List the prime factors of 56310411.
3, 37, 507301
What are the prime factors of 3607913020?
2, 5, 180395651
List the prime factors of 88737450.
2, 3, 5, 17, 23, 89
What are the prime factors of 500487873?
3, 19, 462131
What are the prime factors of 249505123?
7, 35643589
List the prime factors of 26921669.
26921669
List the prime factors of 52016873.
107, 486139
List the prime factors of 2648882726.
2, 7, 1511, 125219
What are the prime factors of 122314588?
2, 11, 2779877
What are the prime factors of 241541047?
11, 1996207
What are the prime factors of 5954053445?
5, 1190810689
What are the prime factors of 316129466?
2, 1783, 88651
List the prime factors of 6462203730.
2, 3, 5, 215406791
What are the prime factors of 163998368?
2, 179, 28631
What are the prime factors of 681027833?
681027833
What are the prime factors of 167000104?
2, 20875013
What are the prime factors of 87776162?
2, 19, 41, 53, 1063
What are the prime factors of 2417504924?
2, 17, 35551543
List the prime factors of 4635301737.
3, 11, 140463689
What are the prime factors of 1810691800?
2, 5, 9053459
List the prime factors of 19975685.
5, 149, 26813
List the prime factors of 1023806164.
2, 17, 757, 19889
List the prime factors of 35293677.
3, 11764559
List the prime factors of 5225302037.
233, 2351, 9539
What are the prime factors of 1584468248?
2, 11, 173, 199, 523
What are the prime factors of 420595770?
2, 3, 5, 7, 1231, 1627
List the prime factors of 279414332.
2, 277, 421, 599
List the prime factors of 222862818.
2, 3, 19, 337, 5801
List the prime factors of 1259871812.
2, 2087, 150919
List the prime factors of 1726742961.
3, 67, 977
List the prime factors of 718781479.
13, 5197, 10639
List the prime factors of 89065880.
2, 5, 2226647
List the prime factors of 601691357.
7229, 83233
What are the prime factors of 909035920?
2, 5, 13, 83, 10531
What are the prime factors of 43484352?
2, 3, 23, 43, 229
What are the prime factors of 421165357?
421165357
List the prime factors of 6359265113.
89, 71452417
List the prime factors of 203812595.
5, 7, 521, 11177
List the prime factors of 385654166.
2, 181, 1065343
List the prime factors of 2831263093.
19, 149013847
List the prime factors of 124687927.
7, 13, 1370197
List the prime factors of 38061712.
2, 13, 19, 9631
What are the prime factors of 211042920?
2, 3, 5, 11, 61, 2621
What are the prime factors of 138742880?
2, 5, 867143
What are the prime factors of 221176882?
2, 110588441
What are the prime factors of 144153697?
59, 2443283
List the prime factors of 189361873.
61, 3104293
What are the prime factors of 210170274?
2, 3, 23, 1522973
What are the prime factors of 29347041?
3, 1553, 6299
What are the prime factors of 5465463684?
2, 3, 739, 616313
What are the prime factors of 245843100?
2, 3, 5, 67, 151
List the prime factors of 22658128.
2, 23, 2677
What are the prime factors of 4217927467?
13, 811, 400069
List the prime factors of 53702765.
5, 107, 100379
What are the prime factors of 168981573?
3, 19, 337, 463
List the prime factors of 95712598.
2, 811, 59009
List the prime factors of 111827035.
5, 23, 972409
List the prime factors of 1131885546.
2, 3, 11, 347, 4493
What are the prime factors of 2982062455?
5, 596412491
List the prime factors of 120008018.
2, 13, 1433, 3221
List the prime factors of 3434459391.
3, 11, 17, 613, 3329
List the prime factors of 2836195236.
2, 3, 7, 1250527
List the prime factors of 467652003.
3, 7, 13, 761, 2251
List the prime factors of 100009605.
3, 5, 83, 80329
List the prime factors of 488520437.
23, 79, 268861
What are the prime factors of 72517347?
3, 7, 1151069
List the prime factors of 20015817.
3, 17, 392467
List the prime factors of 66406596.
2, 3, 19, 291257
What are the prime factors of 11409629?
7, 11, 71, 2087
Li